he prime factors of ((-42)/(-15))/(q/260)?
7, 13
List the prime factors of 17886/13 + (-158)/(-1027).
2, 43
Suppose -205 = -2*o + 5. Let b(m) = -123*m - 662. Let z be b(-7). Let y = z - o. List the prime factors of y.
2, 47
Let u(c) = c**3 + 9*c**2 + 2*c + 22. Let n be u(-9). Suppose -23 = -n*q - 11. Suppose 2*x + q*m = -m + 252, -3*x - 5*m = -376. List the prime factors of x.
2, 61
Suppose -16*m + 5*u + 59452 = -657770, 0 = -m + u + 44825. List the prime factors of m.
23, 1949
Suppose 21*i + 46 = -38. Let y(m) = -15*m**2 - 66*m - 5. What are the prime factors of y(i)?
19
Let w(s) be the third derivative of s**4/24 + 2*s**3 - 46*s**2. Let l be w(-5). Suppose -l*g = -235 - 381. What are the prime factors of g?
2, 11
Suppose -10*l - 500 = -0*l. Suppose -22 = 2*a - 4*u, -2*a = -0*u + u + 17. List the prime factors of -2 - l - (a + 12).
3, 5
Let v = -84 - -86. Let a(i) = 2*i**3 - 3*i**2 + i + 2. Let k be a(v). Let r(m) = 13*m + 17. What are the prime factors of r(k)?
11
Let v(t) = 26786*t - 269. What are the prime factors of v(2)?
151, 353
Let v be 2 - 2/4*-2. Let q(l) = -v*l - 10*l + 10 + 3*l - 3*l. What are the prime factors of q(-5)?
3, 5
Suppose 0*g + 2*g = 2*m + 6, -4*m = 5*g - 33. Suppose -39*n + 36*n + 63 = -4*r, -3*r - 56 = -4*n. What are the prime factors of 14/(((-16)/r)/m)?
3, 7
Suppose 13*c - 81 = -14*c. Suppose 3*q + c*y = 5837 - 1916, 5*q - 5*y = 6505. List the prime factors of q.
2, 163
Let a = 23 + -15. List the prime factors of (8/a)/(1/4).
2
Let a(m) = 115*m**3 + 13*m**2 - 38*m - 44. What are the prime factors of a(4)?
2, 19, 97
Suppose n + 80552 = 4*y, 0 = -18*y + 15*y - 3*n + 60414. What are the prime factors of y?
2, 10069
Suppose -3*t - 5*j = -1015, -j - 20 = -5*j. Suppose 2*c = i - t + 64, c - i + 135 = 0. Let w = -12 - c. What are the prime factors of w?
7, 17
Let d = 695 + -86. Let m = 1384 - d. What are the prime factors of m?
5, 31
Suppose 5 = -4*m + 4*z - z, -4*m = -5*z - 5. Let l be 180 + m - (0 + 3). Let n = -87 + l. What are the prime factors of n?
5, 17
Let q(h) = -23*h - 5. Let f be q(-13). Let v = -151 + f. Suppose 5*t - 3*n = -2*n + v, -4*t - 2*n + 120 = 0. List the prime factors of t.
29
Let b(a) = 426*a + 35102. List the prime factors of b(0).
2, 17551
Let j = 603 + -403. Let q = j - -52. List the prime factors of q.
2, 3, 7
Let v(y) = -8*y + 101. Let z be (-11 + -5 + 17)/((-2)/16). List the prime factors of v(z).
3, 5, 11
Suppose -13*z + 8*z = -25. Suppose 5*j = -z*p + 8260, -8*j + 13*j - p = 8236. List the prime factors of j.
2, 103
Let m be -4 + -3 + 0 - 1. Let o(n) = -1238*n**2 + 11 + 617*n**2 + 623*n**2 + 12*n. What are the prime factors of o(m)?
43
Suppose 2*r + 20651 = 3*o, 0 = 7*o - 5*o - 3*r - 13764. What are the prime factors of o?
3, 5, 17
Let b(j) = -442*j - 1748. List the prime factors of b(-46).
2, 23, 101
Let z(q) = -q**3 + 23*q**2 - 6*q + 5. Let b = -323 - -345. What are the prime factors of z(b)?
3, 7, 17
Let t(q) = 2*q - 21 - 4 + 4*q. Suppose 3*m - 18 = 3*g + 42, -4 = 4*g. What are the prime factors of t(m)?
89
Let r(g) = 12785*g - 6420. What are the prime factors of r(7)?
5, 3323
Let f = -3241 - -9114. List the prime factors of f.
7, 839
Let n(p) = 8*p + 99. Let b be n(12). Suppose -o + b = -2*l - 0*l, 5*o = 3*l + 947. What are the prime factors of o?
11, 17
Suppose -7*k + 828013 + 561011 = 41*k. List the prime factors of k.
2, 3, 7, 13, 53
Let n(v) be the third derivative of -5/2*v**3 - 5/12*v**4 + 1/60*v**5 + 0 + 0*v - 22*v**2. What are the prime factors of n(12)?
3
Let p be (5 - 10) + 10 + 52. Suppose -j - p = -4*k + 4*j, j - 93 = -5*k. List the prime factors of (-2)/(-4) + 4293/k.
239
Let c = -124 - -124. Suppose -3*j = t - 2167, c = 27*t - 23*t - 16. List the prime factors of j.
7, 103
Let s be -1 + 1 + 5 - -1. Suppose -3*c - 2*z = -6*z - 558, 2*c - 5*z = 379. Suppose c = s*r + r. List the prime factors of r.
2, 13
Let m = 1621 + -1578. Let d be 0/2 + 9*1. Let n = m + d. What are the prime factors of n?
2, 13
Let d = 46490 + -11111. List the prime factors of d.
3, 3931
Let m(l) be the first derivative of -l**4/2 - l**3/3 - l**2 + 1758*l + 241. What are the prime factors of m(0)?
2, 3, 293
Let i(q) be the third derivative of -q**6/120 + q**5/60 - q**4/4 - q**3/2 + 11*q**2 + 2*q. What are the prime factors of i(-7)?
431
Suppose 5*q = -4*y + 22, 0*q = 3*q - y - 3. Suppose -12 = 4*r, k + q*k - 3*r = 72. What are the prime factors of k?
3, 7
Let g = 4433 + 1547. What are the prime factors of g?
2, 5, 13, 23
Let y(n) = 4*n**3 - 17*n**2 - 23*n + 667. List the prime factors of y(14).
3, 2663
Suppose 2*v = 15 + 3. Suppose 14*h - 189 = 11*h. Let x = h + v. What are the prime factors of x?
2, 3
Suppose 178 = 4*w + 306. Let c = w - -1364. What are the prime factors of c?
2, 3, 37
Let t be ((-18)/63)/((-1)/7). Let i(g) = 16*g - 18 + 23 + 12 + g**3 + 27*g**t - 6*g**2. What are the prime factors of i(-20)?
97
Suppose 0*j + j - 760 = 0. Let a be 1/((12/3)/j). Suppose 5*i + 0*i = a. What are the prime factors of i?
2, 19
Let n(s) = s**3 + 32*s**2 + 35*s - 136. Let p be n(-29). Let k = p - 751. List the prime factors of k.
3, 23
Let b(x) = -256*x - 384. List the prime factors of b(-20).
2, 37
Suppose 2*m + 13734 = -5*a + 173312, 3*m - 127661 = -4*a. List the prime factors of a.
2, 79, 101
Suppose 2*d = -2*w + 3692, -9*d + 3*w = -14*d + 9228. Let q = d - 1052. What are the prime factors of q?
13, 61
Suppose -9*r + 1015 = -290. Let b = r + -75. List the prime factors of b.
2, 5, 7
Suppose -4*z + 153 = 141. Suppose -401 = -z*y + 256. What are the prime factors of y?
3, 73
Let x(n) = 14*n**3 - 6*n**2 + 12*n - 5. Suppose 0*g = -3*a + 3*g - 3, 0 = -4*a - g + 11. What are the prime factors of x(a)?
107
Let v = 13342 + -1829. What are the prime factors of v?
29, 397
Suppose 79512 + 34476 = 21*a. What are the prime factors of a?
2, 23, 59
Suppose 120*z = 127*z - 12523. List the prime factors of z.
1789
Suppose b = -5*c + 3474, 0*b = 4*c - 5*b - 2785. List the prime factors of c.
5, 139
Let i be 2/(-7) - (-4 + (-187)/(-7)). Let n = i - -45. Suppose n*q - 17*q = 15. List the prime factors of q.
3
Let g = -42 - -30. Let y be 2/g + (-2189)/(-66). Let o = y + 3. What are the prime factors of o?
2, 3
Let b be 0/(-11) + (-1 - -1*3). Suppose 5*s + 291 = -b*x + 72, 4*x + s = -447. Let j = x - -152. List the prime factors of j.
2, 5
Let w(r) be the first derivative of -r**4/2 + 6*r**3 + 4*r**2 + 15*r + 15. List the prime factors of w(7).
3, 89
Suppose -4*l + 2*l = -5*l. Suppose -339 = -2*h + 3*y, 5*h + l*h - 900 = -3*y. Suppose 0 = 13*j - 12*j - h. What are the prime factors of j?
3, 59
Let m be ((-30)/8)/(57/152). Let a be (3 - (m - 0)/(-2)) + 23. Suppose 0 = -26*s + a*s + 495. List the prime factors of s.
3, 11
Let q(d) = -2*d**3 - 8*d**2 - 11*d - 8. Let f be ((-46)/69)/((-4)/30). Suppose -29 = f*w + 1. List the prime factors of q(w).
2, 101
Suppose -3*x = 5*k - 773, 0 = x + 3*k + 15 - 266. Suppose x = n + 47. List the prime factors of n.
3, 73
Suppose -12*n + 7*n = -2525. Suppose -369 = -u - p, -203 = -2*u + 4*p + n. What are the prime factors of u?
2, 7, 13
Let l(n) = -58*n**2 + 167*n**2 + 19*n + 6 - 51*n**2 - 55*n**2. List the prime factors of l(-14).
2, 41
Suppose 0 = -5*f + 400*r - 402*r + 104697, -4*r = -3*f + 62865. List the prime factors of f.
3, 13, 179
Suppose -g - 4*g = -3*h - 5100, 3*g = 5*h + 3060. Suppose 0 = m + 3*t + 196, 3*t - g = 5*m - 2*t. What are the prime factors of (m/1)/(-2) + (6 - 3)?
2, 13
Let i(y) = 2*y**2 - 28*y + 42. Let l be i(-13). List the prime factors of l/80*15*28/6.
3, 7, 31
Let s = 11 - 81. Let m = 703 - 795. Let j = s - m. What are the prime factors of j?
2, 11
Let y(b) = 133*b**2 + 64*b - 179. List the prime factors of y(-15).
2, 37, 389
Suppose d + x = -3, 3*d - 3 = 5*d - x. Let z be d - -1 - (-3 - (0 - 0)). Let r(j) = 52*j - 17. List the prime factors of r(z).
3, 29
Let f(s) = -s**3 + 8*s**2 - 5*s + 9. Let y(g) = -4*g - 4. Let j be y(-7). Suppose -j - 18 = -7*v. What are the prime factors of f(v)?
3, 17
Suppose 0 = -5*a + 4*h - 40, 1 + 1 = 2*a + 2*h. Let m be -7*(-5 - (a + 4) - -4). Suppose -m*w + 136 = -725. List the prime factors of w.
3, 41
Suppose 12*n + 23296 = 74860. What are the prime factors of n?
4297
What are the prime factors of (3*6183)/1 - (-65 - -66)?
2, 4637
Sup